when 310 is divided by f?
0
Let b = -85 + 101. What is the remainder when 57 is divided by 10/4*(22 - b)?
12
Let w(x) = -x**2 - 41*x - 168. Calculate the remainder when 160 is divided by w(-6).
34
Let r(g) = 2*g**2 - 5*g + 5. Let n = 112 - 110. What is the remainder when 9 is divided by r(n)?
0
Suppose -t + o = -5*t + 350, -3*t + 4*o + 272 = 0. Suppose 4*s - t - 208 = 4*b, b = -3*s + 206. Let y = -6 + 24. What is the remainder when s is divided by y?
16
Let o = 3 - -4. Suppose o*t = -0*t + 105. Calculate the remainder when 29 is divided by t.
14
Suppose 5*c + 460 = 100. Let d = c - -108. What is the remainder when 141 is divided by d?
33
Let l be 45120/56 + 7 - 4/(-14). Calculate the remainder when l/15 + (-9)/45 is divided by 16.
6
Suppose -2*i = 4*a - 28, -7 = 5*i + 13. Let s = -33 - -57. Calculate the remainder when s is divided by a.
6
Suppose 29 + 16 = 3*g. Calculate the remainder when 15 is divided by (-6 - -1 - -1) + g.
4
Suppose 3*f - 4*p - 16 = 0, 4*f + 0*p - 15 = -p. Let u = 8 - f. Calculate the remainder when 9 is divided by 13/u - (-3)/(-12).
0
Let i = -151 + 133. Let v = 59 + i. What is the remainder when v is divided by 7?
6
Let h be 96*(-4 + 13/3). Let y = 47 + h. Calculate the remainder when y is divided by 9.
7
Suppose 51 = 5*w + 4*p, 2*w + 8 = 5*p + 2. Calculate the remainder when w is divided by 5.
2
Let x = -3 - -19. Suppose 0*p + 4*p = x. Calculate the remainder when 4 + 304/30 + (-6)/45 is divided by p.
2
Let o = -12 - -17. Suppose 0 = 2*n - 6, 0*v + 3*n = o*v - 61. Let y = 59 + -19. What is the remainder when y is divided by v?
12
Let t(d) = d**2 + 3*d - 11. Suppose 5*p - 7 - 18 = 0. Suppose v + 4*v = 3*m + 40, 16 = 2*v + 3*m. Calculate the remainder when t(p) is divided by v.
5
Let p(j) = 54*j**2 - 33*j + 10. What is the remainder when p(-2) is divided by 5?
2
Let c(i) = -3*i**2 + 20. Calculate the remainder when 34 is divided by c(0).
14
Let x(l) = -8*l**2 + 3*l + 15*l**2 + 2 + l**3 + 7*l. Calculate the remainder when 89 is divided by x(-4).
9
Let b = 1593 + -1488. Calculate the remainder when b is divided by 105.
0
Let n = 21 - 13. Let b(s) = s**3 + 20*s**2 - 41*s - 8. Let y be b(-22). Calculate the remainder when n is divided by y/(-12) + 6/(-36).
2
Let d(g) = 25 + 6*g + 7*g - 12*g. Let u be d(-13). Calculate the remainder when 15 is divided by ((-4)/(-3))/(u/54).
3
Suppose 8*v - 7*v - 15 = 0. Suppose -17*r + 90 = -v*r. Calculate the remainder when 85 is divided by r.
40
Let i(s) = -s**3 - 3*s**2 + 2*s - 3. Let j be 54/(-10) + 18/45. What is the remainder when i(j) is divided by 10?
7
Suppose n - 3*n + 158 = 0. What is the remainder when n is divided by 20?
19
Suppose -3 + 1 = -o. Suppose 5*t - 8 = -b + 46, -o*b - t = -63. Let n = 52 - -4. Calculate the remainder when n is divided by b.
27
Let r = -30 + 34. Suppose 3*u + 0 = r*o + 26, 3*o + 24 = 3*u. Calculate the remainder when u is divided by 5.
1
Suppose -2*q + 26 = 2*u, 0 = -2*q + 4*q - 10. Let f be (-2 - -3 - -2)*u. Let j = -13 + f. What is the remainder when 19 is divided by j?
8
Suppose -42 = -l + 4*c, -3*l = -2*l + 4*c - 26. Let x = 2 + 0. Suppose d + 2*d = x*m - 20, 2*m - d = 16. What is the remainder when l is divided by m?
6
Let v(a) = -a**3 - 4*a**2 + 5*a - 7. Suppose 420 = -c + 4*c. What is the remainder when v(-6) is divided by c/15 - (-1)/(-3)?
8
Let i = -49 + 75. Let r(g) = -g**2 + 31*g - 149. Calculate the remainder when i is divided by r(24).
7
Let s(u) = u**3 + 9*u**2 - 2*u - 3. Let l(h) = h + 3. Let r be l(-5). Let q = 11 + r. Calculate the remainder when s(-9) is divided by q.
6
Suppose 10 = -y + 6*y. Suppose -y*u - 2*u + 120 = 0. Calculate the remainder when 89 is divided by u.
29
Let k(f) = -f + 10. Suppose -5*a + 11 = -14. Suppose -5*s - 3 = -2*s + a*z, 2*s + 21 = 3*z. Calculate the remainder when k(s) is divided by 5.
1
Suppose -10*j - v + 10 = -9*j, 0 = -3*v + 12. What is the remainder when 502 is divided by j?
4
Suppose -d = 4*i - 83, d - 6*d + 373 = -i. Calculate the remainder when d is divided by 21.
12
Let g(v) = -v**2 - 10*v + 28. Let c be g(-12). Suppose -6*l = -c*d - l + 45, -3*d + 4*l = -33. Calculate the remainder when d is divided by 8.
7
Let z(r) = 2*r**3 - 4*r**2 - r + 4. Suppose -k + 3*i + 22 = 0, 0 = i + 1 + 3. What is the remainder when 2/k - 279/(-5) is divided by z(3)?
18
Suppose -352 - 32 = -8*w. Suppose z - 6 = 4*f + 9, 0 = z - 2*f - 17. Let t = w - z. Calculate the remainder when t is divided by 15.
14
Suppose 3*a + 133 = 5*b - 27, -4*b + 3*a + 125 = 0. What is the remainder when b is divided by 2?
1
What is the remainder when 179 is divided by 6244/70 - 36/(-45)?
89
Let t(p) be the third derivative of p**6/120 + p**5/20 - 13*p**4/24 - p**3/2 - 16*p**2. What is the remainder when 18 is divided by t(-5)?
6
Let m = -48 - -100. Suppose 4*h + 2*d = m, 2*h - d - 26 = -0*h. What is the remainder when 49 is divided by h?
10
Let i be 4/10 + 34/(-85). Suppose -2*v + 88 = 4*j, 3*j + i*v - 65 = -v. What is the remainder when 146 is divided by j?
20
Calculate the remainder when 130 is divided by (3/6)/(7/(-70)) + 27.
20
Suppose 0 = -317*n + 307*n + 250. What is the remainder when 447 is divided by n?
22
Suppose 0 = 4*c - 5*y - 40, -c + 3*y + 2*y = -25. Let a(g) = g + 14. Let v be a(-8). Suppose v*o = 2*o + 72. What is the remainder when o is divided by c?
3
Suppose 0 = -u - j - 4*j + 12, -3*u + j = -36. Calculate the remainder when 37 is divided by u.
1
Suppose -54 = -3*x + 96. Let t = x - 27. Calculate the remainder when t is divided by 13.
10
Let k(i) = 44*i**2 - 278*i - 8. What is the remainder when k(8) is divided by 84?
80
Suppose -c = -3*w - 142, -24*c = -29*c + 3*w + 650. What is the remainder when c is divided by 30?
7
Let y = -11 - -15. Suppose y*n + 32 = 6*n. Calculate the remainder when ((-62)/4)/((-2)/4) is divided by n.
15
Suppose 3*s + 2 = -4*k, -4*k = k + 25. What is the remainder when ((-70)/25*-15)/((-4)/(-2)) is divided by s?
3
Calculate the remainder when ((-85)/(-10))/(2/12) is divided by 8.
3
Suppose 6*t = 3*t + 63. Calculate the remainder when 166 is divided by t.
19
Suppose 5*k = 18*r - 14*r + 389, 3*k - 239 = r. What is the remainder when k is divided by 24?
9
Let y = 3 - 1. Let f(l) = -75*l + 607. Calculate the remainder when f(8) is divided by y.
1
Let g(d) = 98*d**2 - 4*d + 5. What is the remainder when g(-3) is divided by 50?
49
Let w be ((-20)/6)/((-8)/12). Suppose -32 - 9 = -o + 2*h, h + 223 = w*o. Calculate the remainder when o is divided by 24.
21
Let b(p) = -p**3 - 5*p**2 - 2*p + 7. Let f be b(-4). What is the remainder when 34 is divided by 1*f*(-1 - 8)?
7
Suppose 8*x - 154 = 7*x. What is the remainder when x is divided by 13?
11
Suppose 5*d - 3*s - 145 = 0, 3*d - 91 = -11*s + 12*s. What is the remainder when 80 is divided by d?
16
Let y(n) = -n**2 + n + 13. Let x be 1*(21 - (-1 - -2)). Calculate the remainder when x/((-1 - -2)/1) is divided by y(3).
6
Suppose 3*a + 2*n - 49 = -2*n, 5*a = 2*n + 125. Let g = -54 + 54. Calculate the remainder when (177 + 1)*(g + 1)/2 is divided by a.
20
Calculate the remainder when 5 + 0/(-5) + 19 + -7 is divided by (-13)/((0 - -1)/(-1)).
4
Let p(l) = 4*l + 34. Let t be p(-18). Let x = t + 53. Calculate the remainder when x is divided by 6.
3
What is the remainder when 119 is divided by (7 + -6)/(-2*5/(-430))?
33
Let a(d) be the first derivative of d**3/6 + 2*d**2 + 2*d + 4. Let t(r) be the first derivative of a(r). What is the remainder when 41 is divided by t(7)?
8
Let q(i) = -2 + 6*i - 5*i + i**3 - 2*i**2 + 2. Let y be q(2). Suppose o = -y*o + 45. What is the remainder when 57 is divided by o?
12
Let q(f) = -10*f + 3. Let c be -2 + 2 + 0 + -3. Calculate the remainder when 65 is divided by q(c).
32
Suppose 0 = 5*s - 25, 3*r - 94 = 5*s + 841. What is the remainder when r is divided by 17?
14
Suppose 3*q - 64 = 2*v, -37*v + 32*v = -q + 43. What is the remainder when 119 is divided by q?
11
Suppose 14*x - 12*x - 8 = 0. Suppose -4*q - a + 68 = x*a, -3*q + 3*a = -78. Let g = -4 - -12. Calculate the remainder when q is divided by g.
6
Let g(b) = b + 13. Let u be 12/8 - 834/(-4). Suppose 2*s = -4*l + u, -s + 178 + 33 = 4*l. What is the remainder when l is divided by g(5)?
17
Suppose -10*i + 105 = 5*i. Calculate the remainder when 13 is divided by i.
6
Let t(w) = -w**3 